git of 354?
5
What is the units digit of 55?
5
What is the tens digit of 1797?
9
What is the thousands digit of 31586?
1
What is the hundreds digit of 23552?
5
What is the tens digit of 5112?
1
What is the hundreds digit of 8367?
3
What is the tens digit of 5276?
7
What is the tens digit of 3378?
7
What is the thousands digit of 1557?
1
What is the thousands digit of 1845?
1
What is the tens digit of 264?
6
What is the tens digit of 3727?
2
What is the units digit of 376?
6
What is the tens digit of 50383?
8
What is the units digit of 6264?
4
What is the tens digit of 223?
2
What is the hundreds digit of 32467?
4
What is the hundreds digit of 86007?
0
What is the hundreds digit of 330?
3
What is the hundreds digit of 1190?
1
What is the units digit of 4668?
8
What is the tens digit of 37145?
4
What is the tens digit of 44090?
9
What is the tens digit of 4197?
9
What is the tens digit of 497?
9
What is the hundreds digit of 4751?
7
What is the hundreds digit of 5325?
3
What is the hundreds digit of 55856?
8
What is the ten thousands digit of 13159?
1
What is the thousands digit of 5152?
5
What is the tens digit of 1553?
5
What is the units digit of 11971?
1
What is the ten thousands digit of 67585?
6
What is the hundreds digit of 52205?
2
What is the hundreds digit of 73911?
9
What is the tens digit of 23307?
0
What is the thousands digit of 5072?
5
What is the hundreds digit of 105542?
5
What is the thousands digit of 9870?
9
What is the units digit of 33988?
8
What is the ten thousands digit of 32944?
3
What is the hundreds digit of 1284?
2
What is the hundreds digit of 4178?
1
What is the hundreds digit of 603?
6
What is the units digit of 99538?
8
What is the hundreds digit of 11692?
6
What is the tens digit of 10659?
5
What is the hundreds digit of 6559?
5
What is the ten thousands digit of 12801?
1
What is the units digit of 51?
1
What is the hundreds digit of 270?
2
What is the units digit of 1344?
4
What is the units digit of 33?
3
What is the thousands digit of 28094?
8
What is the hundreds digit of 6080?
0
What is the hundreds digit of 33861?
8
What is the ten thousands digit of 11399?
1
What is the hundreds digit of 5569?
5
What is the thousands digit of 14783?
4
What is the units digit of 4890?
0
What is the tens digit of 863?
6
What is the tens digit of 3174?
7
What is the thousands digit of 43163?
3
What is the units digit of 3433?
3
What is the hundreds digit of 5684?
6
What is the units digit of 2028?
8
What is the thousands digit of 7985?
7
What is the hundreds digit of 677?
6
What is the tens digit of 12043?
4
What is the thousands digit of 3002?
3
What is the units digit of 21062?
2
What is the units digit of 524?
4
What is the units digit of 2814?
4
What is the hundreds digit of 4948?
9
What is the thousands digit of 32312?
2
What is the thousands digit of 4746?
4
What is the tens digit of 9090?
9
What is the thousands digit of 6089?
6
What is the tens digit of 36032?
3
What is the tens digit of 607?
0
What is the hundreds digit of 1770?
7
What is the tens digit of 308?
0
What is the units digit of 1550?
0
What is the thousands digit of 52403?
2
What is the hundreds digit of 1390?
3
What is the hundreds digit of 374?
3
What is the tens digit of 206?
0
What is the units digit of 4182?
2
What is the units digit of 725?
5
What is the thousands digit of 19080?
9
What is the hundreds digit of 795?
7
What is the hundreds digit of 4862?
8
What is the hundreds digit of 715?
7
What is the units digit of 12171?
1
What is the ten thousands digit of 17879?
1
What is the thousands digit of 17197?
7
What is the tens digit of 3907?
0
What is the hundreds digit of 48643?
6
What is the tens digit of 238?
3
What is the units digit of 121918?
8
What is the tens digit of 9368?
6
What is the tens digit of 832?
3
What is the hundreds digit of 1717?
7
What is the tens digit of 10352?
5
What is the units digit of 107267?
7
What is the units digit of 777?
7
What is the thousands digit of 171824?
1
What is the tens digit of 346?
4
What is the thousands digit of 47566?
7
What is the tens digit of 812?
1
What is the tens digit of 47027?
2
What is the hundreds digit of 7692?
6
What is the thousands digit of 2955?
2
What is the thousands digit of 2524?
2
What is the units digit of 1495?
5
What is the units digit of 2671?
1
What is the thousands digit of 2304?
2
What is the hundreds digit of 19621?
6
What is the tens digit of 5708?
0
What is the tens digit of 3626?
2
What is the thousands digit of 1128?
1
What is the units digit of 97857?
7
What is the units digit of 318?
8
What is the tens digit of 2519?
1
What is the thousands digit of 1032?
1
What is the tens digit of 10863?
6
What is the hundreds digit of 3210?
2
What is the hundreds digit of 1135?
1
What is the tens digit of 3567?
6
What is the ten thousands digit of 28869?
2
What is the thousands digit of 5391?
5
What is the hundreds digit of 84063?
0
What is the hundreds digit of 41212?
2
What is the tens digit of 6848?
4
What is the tens digit of 32979?
7
What is the units digit of 24266?
6
What is the hundreds digit of 1163?
1
What is the hundreds digit of 2121?
1
What is the tens digit of 158?
5
What is the hundreds digit of 1056?
0
What is the thousands digit of 1193?
1
What is the hundreds digit of 72660?
6
What is the hundreds digit of 27939?
9
What is the hundreds digit of 2848?
8
What is the units digit of 3543?
3
What is the units digit of 415?
5
What is the tens digit of 19025?
2
What is the hundred thousands digit of 125744?
1
What is the thousands digit of 2581?
2
What is the units digit of 6593?
3
What is the tens digit of 38198?
9
What is the tens digit of 20933?
3
What is the hundreds digit of 510?
5
What is the hundreds digit of 1624?
6
What is the thousands digit of 2887?
2
What is the thousands digit of 7280?
7
What is the thousands digit of 30299?
0
What is the units digit of 787?
7
What is the units digit of 14277?
7
What is the thousands digit of 46467?
6
What is the hundreds digit of 121765?
7
What is the thousands digit of 1200?
1
What is the thousands digit of 4581?
4
What is the hundreds digit of 37717?
7
What is the hundreds digit of 2066?
0
What is the hundreds digit of 5488?
4
What is the units digit of 17848?
8
What is the hundreds digit of 17733?
7
What is the tens digit of 915?
1
What is the thousands digit of 174899?
4
What is the tens digit of 23934?
3
What is the tens digit of 5506?
0
What is the thousands digit of 1856?
1
What is the units digit of 26901?
1
What is the ten thousands digit of 15037?
1
What is the units digit of 90?
0
What is the thousands digit of 21305?
1
What is the ten thousands digit of 27524?
2
What is the thousands digit of 1120?
1
What is the tens digit of 1065?
6
What is the tens digit of 9919?
1
What is the units digit of 69714?
4
What is the units digit of 17371?
1
What is the thousands digit of 85100?
5
What is the hundred thousands digit of 108318?
1
What is the ten thousands digit of 20860?
2
What is the ten thousands digit of 10088?
1
What is the tens digit of 2356?
5
What is the ten thousands digit of 30601?
3
What is the units digit of 12340?
0
What is the units digit of 124?
4
What is the units digit of 639?
9
What is the tens digit of 1016?
1
What is the thousands digit of 2022?
2
What is the hundred thousands digit of 166906?
1
What is the units digit of 13635?
5
What is the hundreds digit of 14602?
6
What is the ten thousands digit of 29552?
2
What is the hundreds digit of 56227?
2
What is the units digit of 19831?
1
What is the units digit of 4257?
7
What is the tens digit of 2330?
3
What is the units digit of 19621?
1
What is the ten thousands digit of 86059?
8
What is the hundreds digit of 4636?
6
What is the tens digit of 8259?
5
What is the ten thousands digit of 111371?
1
What is the units digit of 64184?
4
What is the units digit of 1211?
1
What is the tens digit of 1599?
9
What is the ten thousands digit of 55409?
5
What is the tens digit of 689?
8
What is the units digit of 690?
0
What is the units digit of 14836?
6
What is the thousands digit of 1722?
1
What is the tens digit of 195?
9
What is the units digit of 13825?
5
What is the thousands digit of 1206?
1
What is the units digit of 1135?
5
What is the units di